 2 = 2*h, 9*g - 5*g - 14266 = 2*h. What are the prime factors of g?
3, 29, 41
Let a(j) = 2*j**2 - 17*j - 28. Let s = -68 + 75. Let p = s + 7. List the prime factors of a(p).
2, 3, 7
Let l = 440 - 452. What are the prime factors of (-13580)/l + ((-42)/(-18) - 2)?
2, 283
Let y be -19 - -17 - (295 + -3 + 2). What are the prime factors of (-2)/(-4) + (-35)/(-14) - y?
13, 23
Suppose 4*y = 8, p = -p - 5*y + 56. Suppose 22*h + 2 = p*h. Suppose -n + 28 = -g, -2*n + 155 = 3*n - h*g. List the prime factors of n.
3, 11
Let o be (12/14)/((-62)/217). What are the prime factors of 411 + o*(-16)/(-12)?
11, 37
Let s = -96 - -162. Suppose -2*y + l = -4 + s, 5*y - 3*l + 157 = 0. Let v = y + 69. What are the prime factors of v?
2, 5
Suppose 21419 = 3*w + 4*i, 7*w - 5*w - 14294 = i. List the prime factors of w.
5, 1429
Let q(i) = -5*i + 6*i - 4*i + i**2 - 4 - 2*i**2. Let l be q(7). Let s = 55 - l. What are the prime factors of s?
3, 43
Let x = -22676 - -39474. What are the prime factors of x?
2, 37, 227
Let u be -1 + (7*1 - (13 + -9)). What are the prime factors of 9/(36/(-8))*(-217)/u?
7, 31
Suppose -3*t - 3*p + 12462 = 0, 5*p - 4 = 4*p. Suppose -4*a = -9*a + t. What are the prime factors of a?
2, 5, 83
Let c(l) = 251*l**3 - l**2 - 19*l - 19. Let g be c(-1). Let a = 206 - -155. Let z = a + g. List the prime factors of z.
109
Let x = 11467 - 5970. What are the prime factors of x?
23, 239
Suppose 21579 = -z + 4*z + 3*h, 21584 = 3*z + 4*h. Suppose -12*r - 36 = -z. List the prime factors of r.
2, 149
Suppose -5*q + 0 = -5*c - 5, -2*q = -c + 4. What are the prime factors of (c/5)/((8/940)/(-2))?
2, 3, 47
Let w = -1046 + 16557. List the prime factors of w.
15511
Let r(w) = -6*w - w + 4*w + 3 + 15. Let y be r(5). Suppose -y*x + 150 = 54. What are the prime factors of x?
2
Let b = 1565 - 946. Suppose -b = -2*s + 1157. What are the prime factors of s?
2, 3, 37
Let d(g) = -36*g**3 + 18*g**2 + 127*g - 18. What are the prime factors of d(-10)?
2, 7, 163
Suppose 3*x - 12 = -3*x. Let w be 8/x + (361 - 1). Suppose -5*o = 2*o - w. List the prime factors of o.
2, 13
Let q be (0/(-2 + 8))/(1 + 0). Suppose -3*y + 4*a + 77 + 3627 = q, 0 = 5*y - 5*a - 6170. List the prime factors of 2/(y/1785 - (-2)/(-3)).
5, 17
Let f(g) = 3*g - 2. Let u be f(5). Let p = 81 + -77. List the prime factors of 1220/u + p/26.
2, 47
Let h be (-290)/87*3/2 - -9. Suppose 6120 = 8*d - 4*d - 3*g, g + h = 0. List the prime factors of d.
3, 509
Let j = 76875 - 8347. What are the prime factors of j?
2, 4283
List the prime factors of 368690/75 - (-24)/180.
2, 1229
Let n(s) = 4*s**2 + 15*s - 18. Suppose -3*d + 14 = 50. What are the prime factors of n(d)?
2, 3, 7
Let u(j) = -j + 5. Let z = -5 - 1. Let k be u(z). Suppose -k*y - 16 = -12*y. List the prime factors of y.
2
What are the prime factors of 78/208 + (-5274)/(-16)?
2, 3, 5, 11
Suppose -5*d - 42 = -3*i, 0 = 5*i - 0*i + 2*d - 70. Suppose 3*y - 5*y = -i. Suppose 0 = -y*n + 817 - 250. What are the prime factors of n?
3
Let f be (3/6)/(-1)*0. Let b be 7 + ((-8)/6)/(4/(-366)). Suppose f = 4*m - 841 + b. What are the prime factors of m?
2, 89
Suppose -4*a = 54 + 180 - 1986. What are the prime factors of a?
2, 3, 73
Let t(q) = 5*q. Let w be t(1). Suppose w*j - 2129 = -2*x + 200, 2*x = -6. List the prime factors of j.
467
List the prime factors of (18648/(-27))/(20/(-420)).
2, 7, 37
Suppose 2*k - s - 14783 = 0, 26518 + 3023 = 4*k + 3*s. What are the prime factors of k?
3, 821
Let o = -14202 + 19946. List the prime factors of o.
2, 359
Suppose -5*q + 27782 = -3*w + w, 0 = -5*w + 20. List the prime factors of q.
2, 7, 397
Let o(w) = 4*w + 9 + 20*w**3 - 19*w**3 + 7*w**2 + w. Suppose 0 = k + 5*x + 16 - 0, 2*k + 3*x + 18 = 0. List the prime factors of o(k).
3, 5
Let w(y) = -470*y**2. Let i be w(-1). Let n = -791 - i. Let k = -213 - n. What are the prime factors of k?
2, 3
Suppose 2*x - 4*y + 76 = 0, -5*y - 46 - 129 = 5*x. Let t = x + 232. Suppose t = 3*z + n, 0*z = z + 2*n - 67. List the prime factors of z.
5, 13
What are the prime factors of (-10)/(-6)*(-1 + (-1530914)/(-110))?
2, 11597
What are the prime factors of 273/14*(-1095)/(-9)*(-140)/(-25)?
2, 7, 13, 73
Let d = 275 - 267. Suppose 4*u - d = 0, 5*u + 5314 = 5*k + 1284. List the prime factors of k.
2, 101
Let o = 23 - 27. Let x be 100/(-30)*(-30)/o. Let k = 52 + x. What are the prime factors of k?
3
Suppose 40 = 2*h - 5*t, h + 5*t - 20 = 6*t. Suppose -2*g = -o + 1019, -h*g = 3*o - 17*g - 3021. List the prime factors of o.
3, 337
Let q = 17868 - 9050. What are the prime factors of q?
2, 4409
Let i(v) = -301*v**3 + 52*v**2 - 7. What are the prime factors of i(-3)?
2, 19, 113
Let j be (20/(-8))/(4/(-8)). List the prime factors of j/(20/48) - 4.
2
Suppose -5*j + 76 = -64. Let f = -24 + j. List the prime factors of (f/(-3) + (-2)/3)*-53.
2, 53
Let w(j) = 240*j + 118. List the prime factors of w(64).
2, 71, 109
Let y(m) = 0*m**3 - 9*m**2 - 8*m - 296 + 2*m**3 + 307. List the prime factors of y(8).
5, 79
Suppose -7*c = -89 + 68. Suppose c*i - 15 = 0, -4*i + 789 = -8*h + 9*h. What are the prime factors of h?
769
Suppose 4*i = -0*i - 0*i. Suppose -3*o - 8*h = -7*h - 1171, 2*o - h - 779 = i. What are the prime factors of o?
2, 3, 5, 13
Let n(x) be the third derivative of 199*x**4/24 - 21*x**3/2 + 20*x**2. What are the prime factors of n(3)?
2, 3, 89
Let t be 174/27 + (-24)/54. Let p(f) = 2*f**2 + f + 7. Let i(x) = x**2 + 2*x + 6. Let w(j) = -4*i(j) + 3*p(j). List the prime factors of w(t).
3, 13
Suppose 0 = u - 3*q - 11, -u = 3*q - 0 + 1. Suppose -u*n + 149 = -1991. Suppose 8*c = 4*c + n. What are the prime factors of c?
107
Suppose 65450 + 29020 = 13*d - 5799. List the prime factors of d.
3, 857
Let n = 270 - 101. Let a = n - -231. What are the prime factors of a?
2, 5
Let l be (41 + -4)*(-4 - -3). Let a = -51 - l. Let r = a - -31. List the prime factors of r.
17
Let i(l) = 3*l**2 + 27*l + 1. Let c be i(-9). Let f be -1 - (0 - c)/(1/(-2)). List the prime factors of (f/2)/(1 + (-172)/160).
2, 5
Let s(j) = -8*j + 24. Let h be s(0). What are the prime factors of (-1 + -2)/(-9) - (-7264)/h?
3, 101
Let o = -70 + 75. Let g(t) = 2*t**2 + 2*t + 1. Let i be g(o). Suppose -2*p + i = -11. What are the prime factors of p?
2, 3
Let y = 6441 - -3012. What are the prime factors of y?
3, 23, 137
List the prime factors of (-149592)/(-184) - (-5)/(-1).
2, 101
Suppose -2*a - 3*f + 258 = -343, 10*a = 2*f + 2920. List the prime factors of a.
293
Suppose 146 = 9*b - 11*b. Let l = 30 + b. Let j = l + 50. List the prime factors of j.
7
Let c = 17683 - -4687. List the prime factors of c.
2, 5, 2237
Let n(k) = -3 - 6*k - 23 + 75*k - 10. List the prime factors of n(7).
3, 149
Let o(t) = -t**3 - 9*t**2 - 11*t + 14. Let d be o(-7). Let z(j) = j**2 + 7*j + 8. Let c be z(d). Suppose 65 = -c*s + 233. List the prime factors of s.
3, 7
Let o(q) = 39*q**3 - 6*q**2 + 5*q - 2. Let h be o(3). Let r = h - 490. Let j = r + -289. List the prime factors of j.
233
Let u(z) = 138*z**2 + 41*z - 22. What are the prime factors of u(-6)?
2, 5, 47
Suppose -i + 6*i + 4*f = -313, f + 257 = -4*i. Let c = i - -123. Suppose 60*b - c*b - 350 = 0. List the prime factors of b.
5, 7
Let k = -56 + 122. Let o be -6 - 3344/(-66)*6/2. Let j = o - k. What are the prime factors of j?
2, 5
Let k be ((-9)/21)/(11/(-12551)). Let d be 6/21 - 46/14. List the prime factors of (k/(-2))/d + 3/(-6).
3
Let b be (-23)/(-3) - 6/9. Suppose 756 = b*g - 1036. List the prime factors of g.
2
Suppose 2*d = 13*d - 14960. Suppose 0 = -2*r + d - 240. What are the prime factors of r?
2, 5, 7
Suppose 0 = -5*z - 6*l + 191408, 502*z - 4*l - 76544 = 500*z. List the prime factors of z.
2, 19139
Let k(y) = -23*y - 227. Let w(z) = 11*z + 115. Let f(a) = 6*k(a) + 13*w(a). What are the prime factors of f(7)?
2, 3, 7
Let k(q) = 4*q**2 + 9*q - 3. Suppose -2*w - 22 = -8. Let b be k(w). Suppose 4*p = -4*o + b + 190, -5*p - 153 = -2*o. List the prime factors of o.
79
Let b = -19344 + 39779. What are the prime factors of b?
5, 61, 67
Let l(u) = 38*u**2 - 199*u + 17. List the prime factors of l(22).
3, 1559
Suppose 0 = -5*j - 5*z + 40, -z = 4*j + 4 - 48. Let c(m) = 2*m + 4. Let p be c(5). Suppose -j*r - 90 = -p*r. List the prime factors of r.
3, 5
Suppose 9*q - 4*q = m + 13, -10 = -2*q - 2*m. Suppose -2*w = -5*n - 2380,